st common divisor of 83000919 and 186.
93
Calculate the greatest common factor of 13094904 and 1.
1
Calculate the highest common factor of 9407680 and 40.
40
Calculate the greatest common divisor of 168827922 and 9486.
558
What is the highest common divisor of 66217 and 281980?
23
What is the greatest common divisor of 5691 and 180033?
21
What is the highest common factor of 1937244 and 5244?
276
What is the highest common factor of 2048 and 291707136?
256
Calculate the greatest common factor of 13054540 and 10.
10
Calculate the highest common divisor of 51802 and 525926.
118
What is the greatest common factor of 544434 and 72546?
678
Calculate the greatest common divisor of 1211669648 and 42.
14
Calculate the greatest common divisor of 1186 and 17758571.
593
What is the highest common divisor of 2222 and 156093278?
2222
What is the highest common divisor of 392771170 and 55?
55
Calculate the greatest common divisor of 42224 and 19869408.
6032
What is the greatest common divisor of 165775 and 20425?
475
Calculate the greatest common divisor of 10404 and 1969434.
18
What is the greatest common factor of 4644 and 5279067?
1161
Calculate the greatest common factor of 38499990 and 30.
30
What is the greatest common divisor of 27584 and 14648?
8
What is the greatest common divisor of 379203 and 10923?
33
What is the highest common divisor of 71 and 218392379?
71
What is the greatest common divisor of 911259 and 38836?
1387
Calculate the highest common factor of 10033 and 27097.
79
Calculate the greatest common factor of 781 and 1448999453.
781
What is the highest common factor of 32754135 and 3255?
465
Calculate the greatest common factor of 153758 and 21449.
241
What is the greatest common divisor of 5768 and 895384?
56
What is the highest common factor of 70352 and 21040?
16
What is the highest common factor of 4 and 8341246?
2
Calculate the greatest common divisor of 1499264 and 34.
34
What is the highest common factor of 307 and 7324099?
307
Calculate the highest common divisor of 5166 and 1335042.
738
Calculate the highest common divisor of 4868149 and 1298.
649
What is the greatest common factor of 68328 and 669264?
1752
Calculate the greatest common divisor of 196 and 7814520.
196
Calculate the greatest common factor of 414687 and 404364.
93
What is the highest common divisor of 1126356 and 104251?
371
Calculate the greatest common factor of 82727658 and 18.
18
What is the highest common factor of 2790 and 648094680?
2790
What is the greatest common factor of 253228 and 18212?
116
Calculate the greatest common factor of 92 and 129476.
4
Calculate the greatest common divisor of 910 and 178451910.
910
Calculate the highest common factor of 68620812 and 13.
13
Calculate the greatest common factor of 270279 and 7635.
1527
Calculate the greatest common factor of 321477417 and 3483.
3483
What is the highest common divisor of 81132 and 10848?
12
Calculate the highest common divisor of 860 and 1916140.
20
What is the highest common factor of 231 and 2386329?
33
Calculate the greatest common factor of 101299256 and 32.
8
What is the greatest common factor of 10560 and 10632420?
60
What is the greatest common divisor of 1907656 and 168?
8
Calculate the highest common factor of 480 and 32212920.
120
What is the highest common factor of 338 and 46332?
26
Calculate the greatest common factor of 701143 and 2252275.
3917
Calculate the greatest common divisor of 99436151 and 362.
181
Calculate the highest common factor of 592 and 31464652.
148
Calculate the highest common divisor of 5667750 and 159842.
458
What is the greatest common divisor of 54 and 13004298?
18
Calculate the highest common factor of 132607690 and 105110.
4570
What is the highest common divisor of 24895 and 714025?
65
Calculate the greatest common divisor of 364 and 35976752.
28
What is the highest common divisor of 12731 and 2549712?
439
What is the greatest common divisor of 1860 and 611142?
6
What is the highest common factor of 419951 and 2975?
119
What is the greatest common divisor of 1023639164 and 562?
562
What is the greatest common divisor of 2944 and 30038?
46
What is the greatest common divisor of 23271638 and 119934?
4442
What is the highest common divisor of 58 and 25165504?
58
What is the greatest common factor of 8597840 and 240?
80
Calculate the highest common factor of 3243483 and 452709.
1863
Calculate the highest common factor of 1575 and 10255700.
175
What is the highest common factor of 320 and 2112104160?
160
Calculate the greatest common divisor of 349164290 and 5.
5
What is the highest common divisor of 9368152 and 8588?
452
Calculate the greatest common factor of 2244527 and 4845.
323
What is the greatest common factor of 26934 and 321198?
402
What is the highest common divisor of 133 and 1943564?
7
Calculate the highest common divisor of 43 and 921271732.
43
What is the greatest common divisor of 187416 and 236?
4
Calculate the greatest common factor of 17068689 and 99.
99
What is the highest common divisor of 740 and 29654390?
370
What is the highest common divisor of 1664 and 8424?
104
Calculate the greatest common divisor of 600 and 1292100.
300
Calculate the greatest common factor of 1138187 and 20309.
883
Calculate the greatest common divisor of 47940 and 7082880.
1020
What is the highest common factor of 89314467 and 69711?
3669
What is the greatest common divisor of 31008223 and 89?
89
What is the highest common divisor of 12730 and 12904610?
190
What is the greatest common divisor of 274131 and 8107?
11
Calculate the highest common divisor of 81 and 36076860.
27
Calculate the greatest common divisor of 16 and 1497205648.
16
What is the greatest common factor of 9558 and 87642?
162
Calculate the greatest common divisor of 44205478 and 3434.
202
Calculate the highest common factor of 2747055 and 10320.
645
What is the highest common factor of 499648919 and 202?
101
What is the highest common factor of 5875 and 4794470?
235
What is the greatest common factor of 936 and 18223452?
468
Calculate the highest common divisor of 1248 and 60134464.
416
Calculate the greatest common divisor of 10517883 and 289.
17
What is the highest common factor of 1831378 and 474?
158
What is the highest common factor of 476 and 184270786?
238
Calculate the greatest common divisor of 21695 and 330055.
5
Calculate the greatest common factor of 14937301 and 2152.
269
What is the highest common factor of 100 and 58865160?
20
Calculate the greatest common factor of 148 and 7072661.
37
What is the highest common factor of 8 and 2910839816?
8
What is the greatest common factor of 15487911 and 62859?
2733
What is the greatest common factor of 24 and 5681288?
8
Calculate the highest common factor of 1130 and 101352751.
113
Calculate the highest common factor of 920243 and 817.
43
What is the greatest common factor of 125970 and 10341474?
1326
Calculate the highest common factor of 81425619 and 30492.
1089
Calculate the greatest common divisor of 387935 and 235.
5
What is the greatest common divisor of 987798 and 1567566?
1218
What is the greatest common divisor of 16250604 and 12028?
388
Calculate the greatest common factor of 15 and 847715.
5
What is the highest common factor of 1896 and 31894038?
474
What is the highest common factor of 10486 and 1656274186?
10486
What is the greatest common factor of 17255128 and 88?
88
What is the greatest common factor of 21518 and 33196126?
3074
Calculate the highest common factor of 1110 and 1534205.
185
What is the greatest common factor of 624 and 7406490?
78
What is the greatest common divisor of 13180 and 11258356?
2636
What is the highest common divisor of 20 and 1190677380?
20
What is the greatest common divisor of 288760 and 296?
8
Calculate the highest common factor of 660800 and 1461725.
1475
What is the highest common divisor of 6622 and 1830037?
473
Calculate the greatest common factor of 955636 and 1443.
37
What is the greatest common factor of 802667145 and 105?
105
Calculate the greatest common factor of 57 and 396432359.
19
What is the highest common factor of 529197064 and 94?
94
Calculate the greatest common divisor of 1226721136 and 32.
16
What is the greatest common divisor of 62001492 and 15540?
3108
What is the greatest c